 factors of w.
3, 7
Let h(r) = r**2 + 4*r + 4. What are the prime factors of h(-8)?
2, 3
Suppose 0*a = -3*a, -3*a = 5*h - 10. Suppose -t + 22 = -h*y, 0*t - y = -3*t + 61. Suppose 2*f = 4*f - t. What are the prime factors of f?
2, 5
Let n(g) = -2*g. Let p = -16 - -23. Let h = p + -11. List the prime factors of n(h).
2
Let u be 1/3*(-9 - 0). Let q = u + 3. Suppose q*g + g = 4. What are the prime factors of g?
2
Let m be 38/(1*2/(-3)). Let g be (m + 2)*6/(-15). What are the prime factors of (-4)/g + 784/77?
2, 5
Let w(l) = l**3 + 14*l**2 + 2*l - 12. What are the prime factors of w(-8)?
2, 89
Let h = 75 + -50. Let s = -13 + h. List the prime factors of s.
2, 3
Let f(j) = -j**2 + 4*j + 2. Let d = -6 + 9. What are the prime factors of f(d)?
5
Suppose -283 = m + 21. List the prime factors of 14/77 - m/22.
2, 7
Let c = 15 + -7. List the prime factors of (3 - c*-2) + -3.
2
Let u be 3 - 3/(-9)*-3. Suppose u*g - 16 = -2*g. Let f = g - -5. What are the prime factors of f?
3
Let z(k) = -4*k + 4. Let y be z(-6). Let a = y + -12. What are the prime factors of a?
2
What are the prime factors of 344/32 + (-6)/8?
2, 5
What are the prime factors of (116/3)/((-33)/(-198))?
2, 29
Suppose -2*p - 28 = n - 81, -210 = -5*n + p. What are the prime factors of n?
43
Let q(i) = i - 32. Let v(r) = -r - 1. Let j(m) = -q(m) - 3*v(m). What are the prime factors of j(0)?
5, 7
Suppose -33 = 3*c + 3*z, 5*c + 38 = c - 2*z. List the prime factors of (12/c)/((-2)/12).
3
Suppose q - 5*a = 14, a - 5 = -2*q + 1. Suppose q*t = -t + 65. What are the prime factors of t?
13
Suppose -19*a + 724 = -15*a. List the prime factors of a.
181
Let t(v) = -v**2 - 17*v + 10. Let n be t(-12). Suppose 0 = 7*r - 2*r - n. What are the prime factors of r?
2, 7
Let t be (5 - 3)/(1/22). Suppose -t = -0*x - 4*x. What are the prime factors of x?
11
Suppose a = -2*o + 13, -a - 3*o = o - 23. Suppose a*s - 5*s + 42 = 0. List the prime factors of s.
3, 7
Let y(u) = -u**3 + 13*u**2 + 12*u - 13. List the prime factors of y(13).
11, 13
Let i be 0 - 1 - (1 + -2). Let h = i + 10. List the prime factors of h.
2, 5
Let c = -17 + 26. Suppose 0 = 4*q - 87 - c. What are the prime factors of q?
2, 3
Let t(a) = -6*a - 7. List the prime factors of t(-4).
17
Suppose 0 = 3*t + i - 503, 4*t + i = 554 + 117. List the prime factors of t.
2, 3, 7
Let x = 46 - -2. List the prime factors of x.
2, 3
Let d(t) = -3*t + 1. Let u(m) = -m**2 + 11*m - 14. Let s be u(10). Let l be d(s). Let r = l - -2. What are the prime factors of r?
3, 5
Let b = 2 - 1. Let v = 2 + b. Suppose 16 = w + v*w. What are the prime factors of w?
2
Let p be -4 + -3 + (-2 - -7). What are the prime factors of (-1)/p*16 + 2?
2, 5
Let j = 47 + -7. List the prime factors of j.
2, 5
Suppose 0*p + 60 = -5*p. Let k = p + 21. List the prime factors of k.
3
Suppose -5*u + b = -120, u - b = b + 33. List the prime factors of u.
23
Let k be (-2)/(-7) - 54/(-7). Let f = 11 - k. List the prime factors of f.
3
Let c = 61 + -25. List the prime factors of c.
2, 3
Let o(d) = -d + d**3 + 7*d**2 - d + 2 - 9*d. List the prime factors of o(-8).
2, 13
Let a be (-6)/(-4) - (-12)/8. Suppose -a*w + 7 + 5 = 0. Let i(y) = y + 2. What are the prime factors of i(w)?
2, 3
Suppose -3*c + 3 = -0*c. Let g(z) = z - 3. Let x be g(9). Let b = x - c. List the prime factors of b.
5
List the prime factors of ((-2)/(-8))/(5/20) - -48.
7
Let u be 2*(-9)/(-6)*-7. Let n = u - -36. List the prime factors of n.
3, 5
Suppose 0 = 2*o - 3*f - 3, -5*o + 5*f + 13 = -7. List the prime factors of o.
3
Let w be -1 - 12/(4*-1). List the prime factors of (w/3)/((-6)/(-189)).
3, 7
Let s(r) be the third derivative of r**4/24 + 8*r**3/3 + 2*r**2. What are the prime factors of s(-14)?
2
Let j(r) = 91*r**2 - r - 1. What are the prime factors of j(1)?
89
What are the prime factors of (-2)/(0 + 6/(-123))?
41
Let x be -1*2*6/(-4). Suppose 6*k = x*k + 6. List the prime factors of k.
2
List the prime factors of 80/(-3)*(4 - 22/4).
2, 5
Let w be 7 - (-1 - 11)/3. Suppose 1 - 7 = h. Let o = w + h. What are the prime factors of o?
5
Let w(o) = o + 6. Let u be w(-3). Suppose u*d - 9 = -0*d. Suppose q - 2*q - 40 = -5*k, 2*k = -d*q + 33. List the prime factors of k.
3
Suppose 0 = 2*i + 10, 0 = -2*q - 4*i + 598 + 92. What are the prime factors of q?
5, 71
Let p(c) = -4*c. Let m be p(-4). Suppose 0 = 5*g - g - m. Suppose -g*x = -x - 36. What are the prime factors of x?
2, 3
Let d(x) = x**3 + 8*x**2 + 3. Suppose -40 = 6*n - n. What are the prime factors of d(n)?
3
Let s(j) = -5*j**2 + 6*j**3 + 2*j**2 + j + 4*j**2. Let p be s(-1). Let v(z) = -z**2 - 8*z - 7. List the prime factors of v(p).
5
Suppose -m = -0*m - 2. Let l = 2 - -2. List the prime factors of ((-11)/m)/((-2)/l).
11
Suppose 3*c = -15, -2*w + 33 - 12 = -3*c. Suppose 4 + 5 = w*y + 5*u, 5*u - 12 = -4*y. What are the prime factors of y?
3
Let b = 8 + 16. Let y = 12 + b. What are the prime factors of y?
2, 3
Let l = -203 - -306. What are the prime factors of l?
103
Suppose -15*m - 885 = -3975. What are the prime factors of m?
2, 103
Let w be 4*(-12)/(-16)*-1. Let b(c) = -4*c + 4. What are the prime factors of b(w)?
2
Let w be 1 + 24/2 + 0. Let t = w - -7. What are the prime factors of t?
2, 5
What are the prime factors of -1191*4/(-42) - 8/(-14)?
2, 3, 19
Let k(t) = 5*t**2 - 4*t + 2 - 2 + 4 - t**3 - 1. List the prime factors of k(3).
3
Let z = -13 - -19. Let y = 0 + z. What are the prime factors of y?
2, 3
Let k = -70 - -187. What are the prime factors of k?
3, 13
Let k(h) = 2*h - 4. Let a be k(2). Suppose a*q = 2*q - 76. List the prime factors of q.
2, 19
Let v(h) = -25*h - 15. List the prime factors of v(-2).
5, 7
Suppose -5*c = -4*c + 5*p - 2, 4*p - 2 = -c. Suppose -s = 3*s + 4*r - 4, 0 = s - c*r + 14. Let v = s - -14. What are the prime factors of v?
2, 5
Suppose -5*l = -4*l + 1. Let w = l - -3. Let s(k) = -k**3 + 3*k**2 - k. List the prime factors of s(w).
2
Let z(n) = 2*n**2 + 7*n - 6. List the prime factors of z(-6).
2, 3
Let x(u) = u**3 + 23*u**2 - 38*u + 22. What are the prime factors of x(-24)?
2, 179
Let n(v) = 2*v - 1. Let j be n(5). Let o = -1 + j. What are the prime factors of o?
2
Let a(b) be the first derivative of b**5/120 + b**4/2 + 2*b**3/3 + 4. Let w(r) be the third derivative of a(r). List the prime factors of w(-10).
2
Let a = 2 + -6. Let f(u) = -u**3 + 7*u - 3. Let k(l) = -l**2 - l. Let q(g) = -f(g) - 3*k(g). What are the prime factors of q(a)?
3
Let u(w) = w**3 + 5*w**2 + 2*w - 2. Let i be u(-2). Let z(t) = -t**2 + 7*t - 3. Let d be z(i). Suppose -g + 18 = -d. What are the prime factors of g?
3, 7
Suppose 6*d + 15 = d. List the prime factors of 26 + 4 - (0 - d).
3
Let a = -153 + 241. List the prime factors of a.
2, 11
Suppose -4*s = 0, -4*g + 2*s + 154 = -2*g. List the prime factors of g.
7, 11
Let y be 8/(-16) - (-2)/4. Suppose n = 4, y*n = -o + 3*n + 4. What are the prime factors of o?
2
Suppose 20 = -2*o + 3*f + 55, -4*o + 61 = 3*f. Let n = o + 6. What are the prime factors of n?
2, 11
Let p = -591 - -227. What are the prime factors of (p/70)/(1/(-5))?
2, 13
Let x(j) = -j + 26. What are the prime factors of x(17)?
3
Suppose -5*n - r = -125, 4*r - 75 = -3*n + 3*r. What are the prime factors of n?
5
Let n = -1 - -2. Let d be -1 + n/(3/12). Suppose -5*a - 2 = -2*s + 57, -3*a + 36 = d*s. What are the prime factors of s?
17
Let l be ((-5)/10)/((-1)/60). What are the prime factors of (-54)/(-15)*l/9?
2, 3
Let r be (-1)/((-3)/(-14))*-3. Let f = r + -5. List the prime factors of f + (1 - 0/2).
2, 5
Let w be -1*(-1)/(1/10). Let b(o) = -o**3 + 11*o**2 - 11*o + 14. Let y be b(w). What are the prime factors of 8/3 - y/6?
2
Suppose -3*l - 5*d + 616 = -0*l, -3*l + 4*d + 625 = 0. List the prime factors of l.
3, 23
Let m(k) = -k**3 - 6*k**2 + 4*k - 1. Let v = -4 - 3. List the prime factors of m(v).
2, 5
Let m(h) = -2*h. Let f(w) = w**2 - 6*w - 4. Let b be f(6). Let z = b + 1. What are the prime factors of m(z)?
2, 3
Let r(h) = h**2 - 8*h - 3. Let k be r(6). Let o = k - -34. What are the prime factors of o?
19
Suppose -468 = -5*c - 4*p, 5*c - 298 = 3*p + 156. List the prime factors of c.
2, 23
Let q(l) = l**3 - 4*l**2 - l + 5. Let r be q(4). Suppose 2*f + 1 = -r. What are the prime factors of (f - 2)/(3/(-5))?
5
Suppose -i = -6*i + 10, 3*f - 3*i = -15. List the prime f